actor of 1998747?
False
Is 37369893 a multiple of 33?
True
Is 1960144 a multiple of 2?
True
Is 19381672 a multiple of 11?
False
Is 50 a factor of 2705234?
False
Does 203 divide 12549517?
False
Is 221190297 a multiple of 220?
False
Is 34 a factor of 2186541?
False
Is 50567900 a multiple of 37?
True
Is 249107682 a multiple of 197?
True
Does 299 divide 5682495?
True
Is 16 a factor of 6446740?
False
Is 216578384 a multiple of 950?
False
Does 20 divide 214327927?
False
Does 113 divide 97600446?
False
Is 777290319 a multiple of 169?
True
Is 75705443 a multiple of 23?
True
Does 525 divide 19673850?
True
Does 1442 divide 7180820?
False
Is 604312530 a multiple of 1230?
True
Is 29 a factor of 1612549988?
True
Is 1019648448 a multiple of 273?
True
Is 354685589 a multiple of 2511?
False
Is 1775 a factor of 46731321?
False
Is 36 a factor of 21986842?
False
Is 6901391709 a multiple of 31?
True
Is 2435 a factor of 306861135?
True
Does 936 divide 21538846?
False
Does 146 divide 614421436?
True
Does 619 divide 315409507?
False
Is 9 a factor of 105757730?
False
Does 2134 divide 699241378?
True
Does 1659 divide 163995159?
False
Is 7329525 a multiple of 105?
True
Does 1579 divide 628333049?
True
Is 10911066 a multiple of 47?
False
Is 6078953774 a multiple of 79?
False
Is 1547 a factor of 508741779?
True
Is 102748162 a multiple of 818?
True
Is 190 a factor of 322274200?
True
Is 175167398 a multiple of 1575?
False
Is 1294 a factor of 30272442?
False
Is 838018266 a multiple of 262?
True
Does 1266 divide 305847876?
True
Is 3787260520 a multiple of 833?
False
Is 15808601 a multiple of 7?
False
Is 2465560508 a multiple of 105?
False
Is 1522674232 a multiple of 232?
True
Is 3463488064 a multiple of 544?
True
Is 13 a factor of 125430890?
True
Does 668 divide 527346328?
False
Is 6364551361 a multiple of 14?
False
Is 42 a factor of 1500238530?
True
Does 228 divide 66271832?
False
Is 192404166 a multiple of 1459?
True
Does 4009 divide 686920627?
False
Is 15305430 a multiple of 105?
True
Does 61 divide 8335040?
True
Is 2165 a factor of 86682270?
True
Is 3101 a factor of 1349519434?
False
Is 14 a factor of 693819869?
False
Does 474 divide 26759196?
True
Is 2785114868 a multiple of 2546?
False
Is 145 a factor of 37282803?
False
Is 10379020 a multiple of 10?
True
Is 7033 a factor of 1994643008?
False
Is 21571112 a multiple of 7?
False
Is 469238406 a multiple of 1274?
True
Is 11 a factor of 46911191?
False
Is 2456804560 a multiple of 8494?
True
Is 57568457 a multiple of 741?
False
Does 79 divide 62543510?
True
Is 33 a factor of 2428524384?
True
Does 3144 divide 158254981?
False
Is 91 a factor of 394103710?
True
Is 39 a factor of 31978986?
True
Does 2609 divide 44835665?
True
Is 527362374 a multiple of 41?
False
Is 69068316 a multiple of 34?
False
Is 40757858 a multiple of 970?
False
Is 5225048 a multiple of 1242?
False
Is 127 a factor of 1056295830?
True
Is 958 a factor of 627490?
True
Does 77 divide 15479607?
False
Is 4682273820 a multiple of 86?
False
Does 1330 divide 399988190?
True
Does 325 divide 1753375?
True
Is 84 a factor of 6235675?
False
Is 83 a factor of 144901317?
True
Does 41 divide 641424090?
True
Does 24 divide 11837376?
True
Is 23 a factor of 8140988?
True
Is 12 a factor of 416706815?
False
Is 751095079 a multiple of 1813?
True
Does 475 divide 185260450?
True
Is 166398251 a multiple of 236?
False
Is 67087377 a multiple of 21?
True
Is 1118805261 a multiple of 103?
True
Does 4 divide 87796322?
False
Is 5558425 a multiple of 6?
False
Does 1182 divide 825110156?
False
Is 3 a factor of 72969845?
False
Is 367 a factor of 2179709484?
False
Does 2305 divide 708427920?
True
Is 9995389 a multiple of 1063?
True
Does 921 divide 31786473?
True
Does 1608 divide 585645438?
False
Does 185 divide 1488695?
True
Is 39686640 a multiple of 336?
True
Does 208 divide 512800704?
True
Is 1041 a factor of 817774206?
True
Does 107 divide 463710824?
False
Does 220 divide 54516440?
True
Is 149300810 a multiple of 1876?
False
Is 62100888 a multiple of 666?
False
Is 444557190 a multiple of 1048?
False
Does 222 divide 5429386?
False
Is 806 a factor of 58320792?
False
Is 38 a factor of 86669412?
True
Is 15 a factor of 92393280?
True
Is 594912724 a multiple of 28?
True
Is 42571933 a multiple of 372?
False
Is 205 a factor of 63051030?
True
Does 43 divide 1317786557?
True
Does 452 divide 51944901?
False
Is 1187 a factor of 205006770?
True
Is 58792148 a multiple of 2211?
False
Is 51132088 a multiple of 15?
False
Is 1419 a factor of 11875899?
False
Is 2066018 a multiple of 398?
True
Does 1198 divide 396048018?
True
Does 1139 divide 1603923970?
False
Is 67491165 a multiple of 3815?
True
Is 101 a factor of 1658307266?
False
Is 5 a factor of 45961752?
False
Is 1660 a factor of 151106480?
True
Is 127719557 a multiple of 1190?
False
Is 4 a factor of 110526209?
False
Does 199 divide 90066999?
False
Does 733 divide 366472146?
True
Is 11799424 a multiple of 16?
True
Does 10 divide 71446989?
False
Is 502984361 a multiple of 829?
False
Is 7450701 even?
False
Is 753 a factor of 28450237?
False
Does 31 divide 460249343?
True
Is 1253352100 a multiple of 6590?
True
Is 663 a factor of 1763182364?
False
Does 471 divide 11992137?
False
Is 115915616 a multiple of 1952?
True
Is 8304013 a multiple of 7?
False
Is 3922 a factor of 58834113?
False
Is 248 a factor of 3754720?
True
Is 52 a factor of 440135613?
False
Does 441 divide 11897249?
False
Is 10 a factor of 92983820?
True
Is 11 a factor of 1702329603?
False
Is 10 a factor of 19201520?
True
Is 6136480 a multiple of 14?
True
Is 13 a factor of 54175901?
True
Does 10 divide 71398703?
False
Is 43 a factor of 901355795?
False
Is 45 a factor of 161654372?
False
Does 584 divide 1880480?
True
Is 298 a factor of 118415068?
True
Is 297202566 a multiple of 419?
True
Is 8 a factor of 201129869?
False
Is 31698462 a multiple of 2?
True
Is 103 a factor of 7760741?
True
Does 282 divide 7465974?
False
Does 82 divide 1864614143?
False
Is 25 a factor of 54530337?
False
Does 377 divide 23967398?
True
Is 57894281 a multiple of 2?
False
Does 94 divide 2019917737?
False
Is 1632 a factor of 41250432?
True
Is 1270587 a multiple of 21?
False
Is 279470274 a multiple of 128?
False
Is 10802953 a multiple of 160?
False
Does 7 divide 1437016672?
True
Is 5927000 a multiple of 415?
False
Is 12390693 a multiple of 24?
False
Does 70 divide 3499975561?
False
Does 8326 divide 1613313136?
False
Is 83 a factor of 29990058?
True
Does 141 divide 768645708?
True
Is 1123627356 a multiple of 2282?
False
Is 390892696 a multiple of 380?
False
Is 5854154 a multiple of 502?
False
Is 10494520 a multiple of 18?
False
Is 1820 a factor of 7446785?
False
Is 36331615 a multiple of 8?
False
Is 15 a factor of 400989660?
True
Does 5 divide 234615220?
True
Is 23 a factor of 16661565?
False
Is 6 a factor of 3347163?
False
Does 11 divide 134500260?
False
Is 1275 a factor of 354852900?
True
Is 244188 a multiple of 5?
False
Does 39 divide 1305541458?
True
Is 3 a factor of 2790720?
True
Is 2441082 a multiple of 2166?
True
Is 67935360 a multiple of 12?
True
Does 75 divide 136420035?
False
Is 42718792 a multiple of 100?
False
Is 146 a factor of 5507169?
False
Is 369 a factor of 245541809?
False
Is 17 a factor of 66201706?
True
Is 2374049430 a multiple of 545?
True
Does 113 divide 592241588?
True
Does 5 divide 7995462?
False
Is 602752827 a multiple of 19?
True
Does 67 divide 64972381?
False
Does 14 divide 2720292331?
False
Is 1840929 a multiple of 3?
True
Is 78327007 a multiple of 1483?
False
Is 45 a factor of 16551585?
True
Is 517 a factor of 80208602?
False
Is 221 a factor of 1116744824?
True
Is 137615572 a multiple of 124?
True
Is 57 a factor of 455829111?
False
Does 1508 divide 35306804?
True
Is 7318395929 a multiple of 12953?
False
Is 3266582688 a multiple of 24?
True
Is 69279846 a multiple of 6?
True
Does 5 divide 59769215?
True
Is 374206386 a multiple of 419?
True
Is 21902198 a multiple of 22?
False
Is 58509504 even?
True
Does 67 divide 4004764?
False
Is 3393 a factor of 945754641?
True
Is 27889869 a multiple of 339?
True
Does 178 divide 6018180?
True
Is 1370 a factor of 288286360?
True
Does 2029 divide 1836335273?
False
Does 16 divide 396148864?
True
Is 2514 a factor of 4471587666?
False
Is 88273951 a multiple of 34?
Fa